ghest common divisor of 1075291 and 203.
203
What is the greatest common divisor of 1692 and 144384?
564
What is the greatest common factor of 112840 and 70?
70
Calculate the highest common divisor of 31602 and 966.
138
Calculate the highest common divisor of 461908 and 666.
74
Calculate the greatest common divisor of 7196 and 4816.
28
Calculate the greatest common factor of 5820 and 10.
10
What is the highest common divisor of 2 and 6100?
2
What is the highest common factor of 328 and 70?
2
What is the highest common factor of 323180 and 10170?
1130
What is the highest common factor of 1139 and 18071?
17
What is the highest common factor of 270 and 9565?
5
Calculate the highest common divisor of 3941271 and 366.
183
Calculate the greatest common factor of 82 and 27675.
41
Calculate the greatest common factor of 16010 and 40.
10
Calculate the highest common divisor of 211447 and 1797.
599
Calculate the highest common factor of 3209514 and 154.
154
What is the highest common divisor of 2508 and 34884?
228
Calculate the highest common factor of 595 and 4981.
17
What is the greatest common divisor of 4784 and 61870?
46
What is the greatest common divisor of 6867 and 19008?
9
What is the greatest common factor of 2239903 and 34?
17
Calculate the greatest common factor of 949 and 1391.
13
Calculate the highest common factor of 26194 and 546.
14
Calculate the highest common factor of 63 and 2193611.
7
Calculate the highest common factor of 82478 and 23.
23
Calculate the highest common divisor of 1615 and 95.
95
What is the highest common factor of 2622428 and 257?
257
Calculate the highest common factor of 6 and 22251.
3
Calculate the greatest common factor of 199600 and 70.
10
Calculate the highest common factor of 27978 and 24.
6
Calculate the greatest common divisor of 2349922 and 194.
194
Calculate the highest common divisor of 68552 and 1056.
88
What is the highest common divisor of 738988 and 12428?
956
What is the greatest common factor of 2696 and 7414?
674
What is the highest common divisor of 4 and 726160?
4
Calculate the highest common factor of 584 and 9198.
146
What is the highest common factor of 5175 and 25047?
207
What is the greatest common divisor of 145131 and 2709?
21
What is the greatest common factor of 6094 and 2266?
22
What is the highest common factor of 15910 and 5180?
370
What is the greatest common divisor of 126542 and 1612?
806
What is the highest common factor of 512 and 416?
32
What is the greatest common factor of 132 and 2364?
12
What is the greatest common factor of 2505 and 30?
15
What is the highest common divisor of 1412790 and 30?
30
Calculate the greatest common divisor of 4464 and 1953.
279
What is the highest common divisor of 234 and 495807?
39
Calculate the highest common factor of 1 and 11124.
1
What is the highest common divisor of 168 and 15981?
21
Calculate the greatest common divisor of 23 and 10327.
23
What is the greatest common divisor of 162 and 81918?
54
What is the highest common factor of 117 and 97435?
13
What is the highest common factor of 4420242 and 27?
9
What is the greatest common divisor of 16936 and 32248?
232
What is the highest common factor of 975469 and 781?
781
Calculate the greatest common factor of 890 and 37558.
178
What is the greatest common factor of 298843 and 85?
17
What is the highest common divisor of 120 and 5034920?
40
Calculate the highest common factor of 1978 and 172.
86
Calculate the highest common factor of 17068 and 1020.
68
Calculate the greatest common divisor of 1694 and 58685.
121
What is the highest common factor of 1358660 and 30?
10
Calculate the highest common divisor of 139772 and 41500.
332
What is the greatest common divisor of 6142 and 11470?
74
What is the highest common divisor of 632 and 6136?
8
Calculate the highest common factor of 398999 and 3247.
191
What is the highest common divisor of 1458 and 288?
18
What is the greatest common divisor of 340 and 116875?
85
What is the greatest common factor of 32 and 23090?
2
Calculate the highest common divisor of 2 and 16787.
1
Calculate the highest common factor of 7 and 152376.
7
Calculate the greatest common factor of 97258 and 56.
14
Calculate the highest common factor of 380350 and 100.
50
What is the highest common divisor of 19491 and 2847?
219
Calculate the highest common factor of 4347 and 5430852.
1449
Calculate the greatest common divisor of 10152 and 5556.
12
Calculate the highest common divisor of 606 and 5816186.
202
Calculate the greatest common divisor of 230669 and 2761.
251
Calculate the greatest common divisor of 84971 and 62.
31
Calculate the greatest common divisor of 156 and 12.
12
What is the greatest common divisor of 29 and 177915?
29
Calculate the greatest common factor of 24341 and 202.
101
What is the highest common divisor of 43974 and 126?
126
What is the highest common divisor of 7020 and 1131?
39
What is the greatest common divisor of 8864 and 488074?
554
Calculate the highest common factor of 737 and 2904.
11
Calculate the greatest common factor of 2510 and 145.
5
What is the highest common divisor of 747 and 13592412?
747
Calculate the highest common divisor of 2203900 and 100.
100
Calculate the highest common divisor of 44 and 633809.
11
Calculate the greatest common divisor of 106863 and 6965.
199
Calculate the greatest common divisor of 41623 and 45124.
389
Calculate the highest common factor of 2490 and 1570.
10
Calculate the greatest common factor of 143 and 4190329.
143
Calculate the greatest common divisor of 126 and 319263.
21
What is the greatest common factor of 102941 and 3972?
331
What is the greatest common divisor of 150 and 1378050?
150
What is the highest common divisor of 152 and 8336?
8
What is the greatest common factor of 39 and 8600514?
39
What is the greatest common divisor of 11461 and 4161?
73
Calculate the greatest common factor of 396100 and 170.
170
What is the highest common divisor of 63023 and 95?
19
Calculate the highest common divisor of 177507 and 297.
99
Calculate the highest common divisor of 3 and 110229.
3
What is the highest common divisor of 29615 and 35?
5
What is the highest common divisor of 2218 and 2157005?
1109
What is the greatest common factor of 999 and 30266?
37
Calculate the greatest common divisor of 65 and 1005511.
13
What is the highest common divisor of 864 and 48672?
288
What is the greatest common factor of 436 and 28013?
109
Calculate the greatest common factor of 76 and 16777.
19
Calculate the greatest common divisor of 36314 and 8576.
134
What is the highest common divisor of 37200 and 27032?
248
What is the highest common factor of 283720 and 58220?
820
Calculate the greatest common factor of 682 and 1782.
22
What is the highest common factor of 300 and 2160?
60
Calculate the highest common divisor of 11877 and 2183.
37
What is the highest common divisor of 6441182 and 1353?
451
Calculate the greatest common divisor of 4672 and 6716.
292
Calculate the greatest common factor of 8173 and 11.
11
What is the greatest common factor of 196 and 11144?
28
What is the greatest common divisor of 36210 and 1530?
510
What is the greatest common factor of 39169 and 598?
299
What is the greatest common divisor of 28 and 850318?
14
Calculate the highest common factor of 167140 and 274.
274
What is the highest common divisor of 16184 and 112?
56
Calculate the highest common factor of 1600 and 1850.
50
Calculate the highest common factor of 48169 and 906.
151
What is the greatest common divisor of 24 and 43512?
24
What is the greatest common factor of 127559 and 199?
199
What is the highest common divisor of 25 and 33025?
25
Calculate the greatest common divisor of 938 and 58625.
469
Calculate the greatest common factor of 24497 and 748.
187
Calculate the highest common divisor of 1310 and 12314.
262
What is the greatest common factor of 646 and 4427?
19
What is the highest common factor of 1014620 and 20?
20
What is the highest common divisor of 47100 and 200?
100
Calculate the highest common divisor of 9637 and 1702.
23
Calculate the highest common factor of 19467 and 756.
189
Calculate the highest common divisor of 785 and 654062.
157
Calculate the highest common divisor of 855 and 3325.
95
What is the greatest common fa